
13
Calculate the remainder when 1089 is divided by 52.
49
Calculate the remainder when 2995 is divided by 985.
40
What is the remainder when 2349 is divided by 21?
18
Calculate the remainder when 107 is divided by 18.
17
Calculate the remainder when 1160 is divided by 27.
26
What is the remainder when 1421 is divided by 47?
11
Calculate the remainder when 917 is divided by 4.
1
Calculate the remainder when 366 is divided by 10.
6
What is the remainder when 20790 is divided by 184?
182
Calculate the remainder when 129 is divided by 66.
63
What is the remainder when 25 is divided by 13?
12
Calculate the remainder when 109 is divided by 25.
9
What is the remainder when 110 is divided by 34?
8
Calculate the remainder when 396 is divided by 7.
4
What is the remainder when 186 is divided by 88?
10
Calculate the remainder when 342 is divided by 15.
12
Calculate the remainder when 5316 is divided by 56.
52
Calculate the remainder when 169 is divided by 44.
37
What is the remainder when 195 is divided by 67?
61
Calculate the remainder when 1422 is divided by 269.
77
Calculate the remainder when 72 is divided by 21.
9
What is the remainder when 1025 is divided by 54?
53
Calculate the remainder when 510 is divided by 42.
6
What is the remainder when 66 is divided by 23?
20
What is the remainder when 7251 is divided by 62?
59
Calculate the remainder when 121 is divided by 18.
13
What is the remainder when 184 is divided by 17?
14
What is the remainder when 13 is divided by 8?
5
What is the remainder when 848 is divided by 124?
104
What is the remainder when 1721 is divided by 1719?
2
What is the remainder when 501 is divided by 491?
10
Calculate the remainder when 317 is divided by 305.
12
Calculate the remainder when 335 is divided by 25.
10
Calculate the remainder when 773 is divided by 55.
3
What is the remainder when 345 is divided by 25?
20
What is the remainder when 75 is divided by 21?
12
What is the remainder when 359 is divided by 55?
29
Calculate the remainder when 1006 is divided by 19.
18
Calculate the remainder when 1658 is divided by 547.
17
Calculate the remainder when 133 is divided by 17.
14
What is the remainder when 87 is divided by 33?
21
What is the remainder when 55 is divided by 10?
5
Calculate the remainder when 672 is divided by 250.
172
Calculate the remainder when 323 is divided by 4.
3
What is the remainder when 329 is divided by 34?
23
Calculate the remainder when 320 is divided by 81.
77
What is the remainder when 807 is divided by 8?
7
What is the remainder when 1195 is divided by 173?
157
Calculate the remainder when 496 is divided by 225.
46
Calculate the remainder when 3266 is divided by 218.
214
What is the remainder when 26 is divided by 17?
9
What is the remainder when 466 is divided by 98?
74
What is the remainder when 287 is divided by 74?
65
Calculate the remainder when 444 is divided by 182.
80
What is the remainder when 1536 is divided by 302?
26
Calculate the remainder when 256 is divided by 85.
1
Calculate the remainder when 123 is divided by 31.
30
Calculate the remainder when 105 is divided by 31.
12
Calculate the remainder when 437 is divided by 211.
15
What is the remainder when 47 is divided by 26?
21
What is the remainder when 206 is divided by 56?
38
What is the remainder when 152 is divided by 79?
73
What is the remainder when 422 is divided by 4?
2
What is the remainder when 427 is divided by 403?
24
Calculate the remainder when 3044 is divided by 7.
6
What is the remainder when 41 is divided by 24?
17
What is the remainder when 230 is divided by 73?
11
Calculate the remainder when 2654 is divided by 6.
2
Calculate the remainder when 5086 is divided by 96.
94
Calculate the remainder when 1054 is divided by 210.
4
What is the remainder when 141 is divided by 22?
9
Calculate the remainder when 166 is divided by 36.
22
Calculate the remainder when 545 is divided by 259.
27
Calculate the remainder when 4564 is divided by 69.
10
Calculate the remainder when 83 is divided by 43.
40
Calculate the remainder when 24231 is divided by 11.
9
What is the remainder when 20 is divided by 19?
1
What is the remainder when 155 is divided by 13?
12
Calculate the remainder when 228 is divided by 7.
4
What is the remainder when 813 is divided by 24?
21
What is the remainder when 598 is divided by 30?
28
What is the remainder when 908 is divided by 26?
24
Calculate the remainder when 376 is divided by 95.
91
What is the remainder when 207 is divided by 20?
7
Calculate the remainder when 419 is divided by 36.
23
Calculate the remainder when 2229 is divided by 13.
6
Calculate the remainder when 1093 is divided by 1093.
0
Calculate the remainder when 825 is divided by 69.
66
What is the remainder when 277 is divided by 40?
37
What is the remainder when 361 is divided by 30?
1
What is the remainder when 179 is divided by 18?
17
What is the remainder when 247 is divided by 85?
77
Calculate the remainder when 368 is divided by 37.
35
What is the remainder when 1324 is divided by 53?
52
What is the remainder when 3045 is divided by 31?
7
What is the remainder when 95 is divided by 31?
2
Calculate the remainder when 284 is divided by 9.
5
What is the remainder when 230 is divided by 77?
76
Calculate the remainder when 980 is divided by 53.
26
Calculate the remainder when 117 is divided by 56.
5
Calculate the remainder when 468 is divided by 108.
36
Calculate the remainder when 839 is divided by 343.
153
What is the remainder when 386 is divided by 199?
187
Calculate the remainder when 408 is divided by 152.
104
Calculate the remainder when 3361 is divided by 17.
12
Calculate the remainder when 1705 is divided by 170.
5
What is the remainder when 1251 is divided by 19?
16
What is the remainder when 135 is divided by 36?
27
Calculate the remainder when 234 is divided by 216.
18
What is the remainder when 53 is divided by 8?
5
Calculate the remainder when 332 is divided by 7.
3
What is the remainder when 117 is divided by 40?
37
What is the remainder when 2127 is divided by 57?
18
What is the remainder when 80 is divided by 27?
26
What is the remainder when 451 is divided by 104?
35
What is the remainder when 29 is divided by 3?
2
Calculate the remainder when 1553 is divided by 65.
58
What is the remainder when 577 is divided by 165?
82
What is the remainder when 603 is divided by 199?
6
What is the remainder when 1353 is divided by 672?
9
What is the remainder when 100 is divided by 26?
22
What is the remainder when 4580 is divided by 90?
80
What is the remainder when 472 is divided by 80?
72
Calculate the remainder when 68 is divided by 25.
18
Calculate the remainder when 611 is divided by 41.
37
Calculate the remainder when 507 is divided by 151.
54
What is the remainder when 3583 is divided by 7?
6
Calculate the remainder when 273 is divided by 69.
66
Calculate the remainder when 1461 is divided by 473.
42
What is the remainder when 212 is divided by 20?
12
Calculate the remainder when 3303 is divided by 19.
16
What is the remainder when 884 is divided by 8?
4
Calculate the remainder when 1989 is divided by 546.
351
Calculate the remainder when 1252 is divided by 623.
6
Calculate the remainder when 795 is divided by 165.
135
What is the remainder when 116 is divided by 3?
2
Calculate the remainder when 66 is divided by 48.
18
Calculate the remainder when 183 is divided by 159.
24
Calculate the remainder when 556 is divided by 60.
16
What is the remainder when 19 is divided by 6?
1
What is the remainder when 147 is divided by 75?
72
Calculate the remainder when 188 is divided by 100.
88
Calculate the remainder when 136 is divided by 68.
0
Calculate the remainder when 315 is divided by 56.
35
What is the remainder when 85 is divided by 81?
4
Calculate the remainder when 163 is divided by 30.
13
What is the remainder when 86 is divided by 9?
5
Calculate the remainder when 214 is divided by 54.
52
Calculate the remainder when 213 is divided by 43.
41
Calculate the remainder when 104 is divided by 89.
15
What is the remainder when 807 is divided by 14?
9
Calculate the remainder when 985 is divided by 91.
75
Calculate the remainder when 196 is divided by 18.
16
Calculate the remainder when 371 is divided by 31.
30
What is the remai